{"id":14933,"date":"2025-09-17T23:33:51","date_gmt":"2025-09-17T21:33:51","guid":{"rendered":"https:\/\/deltaphotorom.fr\/nicolas-bacri-photographe-romilly\/?page_id=14933"},"modified":"2025-09-23T08:43:42","modified_gmt":"2025-09-23T06:43:42","slug":"express-en-magasin","status":"publish","type":"page","link":"https:\/\/deltaphotorom.fr\/nicolas-bacri-photographe-romilly\/prestations\/tirages-numeriques-express\/express-en-magasin\/","title":{"rendered":"Tirages express en magasin"},"content":{"rendered":"<div class=\"wpb-content-wrapper\"><p>[vc_row heading_color=\u00a0\u00bblight\u00a0\u00bb section_full_height=\u00a0\u00bbfullheight\u00a0\u00bb bg_type=\u00a0\u00bbimage\u00a0\u00bb bg_image=\u00a0\u00bb14945&Prime; bg_image_type=\u00a0\u00bbparallax\u00a0\u00bb color_overlay=\u00a0\u00bbgradient\u00a0\u00bb gradient_overlay_custom_1=\u00a0\u00bb#00000085&Prime; gradient_overlay_custom_2=\u00a0\u00bb#000000&Prime; gradient_overlay_direction=\u00a0\u00bb180&Prime; padding_top_multiplier=\u00a0\u00bb6x\u00a0\u00bb padding_bottom_multiplier=\u00a0\u00bb6x\u00a0\u00bb columns_gap=\u00a0\u00bb60&Prime; equal_column_height=\u00a0\u00bbmiddle-content\u00a0\u00bb font_color=\u00a0\u00bb#ffffff\u00a0\u00bb][vc_column]<h1 class=\"grve-element grve-title grve-align-left grve-animated-item grve-duration-normal grve-fade-in-up grve-h1\" style=\"margin-bottom: 0px;\" data-delay=\"200\"><span>Vos tirages num\u00e9riques<\/span><\/h1><h1 class=\"grve-element grve-title grve-align-left grve-animated-item grve-duration-normal grve-fade-in-up grve-h1\" style=\"margin-bottom: 0px;\" data-delay=\"400\"><span>\u00e0 Romilly-sur-Seine<\/span><\/h1><div class=\"grve-empty-space grve-height-2x\" style=\"\"><\/div>[vc_row_inner][vc_column_inner width=\u00a0\u00bb1\/3&Prime;]<h3 class=\"grve-element grve-title grve-align-left grve-animated-item grve-duration-normal grve-fade-in-up grve-h6\" style=\"\" data-delay=\"600\"><span><span class=\"grve-text-primary-1\">01. <\/span>En 5 minutes<\/span><\/h3>[\/vc_column_inner][vc_column_inner width=\u00a0\u00bb1\/3&Prime;]<h3 class=\"grve-element grve-title grve-align-left grve-animated-item grve-duration-normal grve-fade-in-up grve-h6\" style=\"\" data-delay=\"800\"><span><span class=\"grve-text-primary-1\">02. <\/span>Nombreux formats<\/span><\/h3>[\/vc_column_inner][vc_column_inner width=\u00a0\u00bb1\/3&Prime;]<h3 class=\"grve-element grve-title grve-align-left grve-animated-item grve-duration-normal grve-fade-in-up grve-h6\" style=\"\" data-delay=\"800\"><span><span class=\"grve-text-primary-1\">03. <\/span>Depuis tous supports<\/span><\/h3>[\/vc_column_inner][\/vc_row_inner][\/vc_column][\/vc_row][vc_row padding_top_multiplier=\u00a0\u00bb6x\u00a0\u00bb padding_bottom_multiplier=\u00a0\u00bb6x\u00a0\u00bb][vc_column]<h2 class=\"grve-element grve-title grve-align-left grve-h3\" style=\"\"><span>Vos photos num\u00e9riques sur papier en quelques instants<\/span><\/h2><h2 class=\"grve-element grve-title grve-align-left grve-leader-text\" style=\"\"><span>Depuis votre cl\u00e9 usb, t\u00e9l\u00e9phone Android ou IPhone, carte m\u00e9moire ou m\u00eame disque dur externe, imprimez depuis le kioske toutes vos photos en quelques instants, du tirage 10x15cm au poster 50x75cm !<\/span><\/h2>[\/vc_column][\/vc_row][vc_row heading_color=\u00a0\u00bbdark\u00a0\u00bb bg_type=\u00a0\u00bbcolor\u00a0\u00bb padding_top_multiplier=\u00a0\u00bb\u00a0\u00bb padding_bottom_multiplier=\u00a0\u00bb\u00a0\u00bb columns_gap=\u00a0\u00bbnone\u00a0\u00bb equal_column_height=\u00a0\u00bbmiddle-content\u00a0\u00bb font_color=\u00a0\u00bb#ffffff\u00a0\u00bb bg_color=\u00a0\u00bb#00000000&Prime;][vc_column css=\u00a0\u00bb.vc_custom_1758124018969{background-position: center !important;background-repeat: no-repeat !important;background-size: cover !important;}\u00a0\u00bb]<div class=\"grve-element grve-image-text grve-layout-2 grve-align-left grve-paraller-wrapper\" style=\"\"><div class=\"grve-image grve-position-left\"><img loading=\"lazy\" decoding=\"async\" width=\"2048\" height=\"1536\" src=\"https:\/\/deltaphotorom.fr\/nicolas-bacri-photographe-romilly\/wp-content\/uploads\/2025\/09\/482321211_1196330205737963_2754809288724934814_n.jpg\" class=\"grve-extra-round attachment-full size-full\" alt=\"\" srcset=\"https:\/\/deltaphotorom.fr\/nicolas-bacri-photographe-romilly\/wp-content\/uploads\/2025\/09\/482321211_1196330205737963_2754809288724934814_n.jpg 2048w, https:\/\/deltaphotorom.fr\/nicolas-bacri-photographe-romilly\/wp-content\/uploads\/2025\/09\/482321211_1196330205737963_2754809288724934814_n-300x225.jpg 300w, https:\/\/deltaphotorom.fr\/nicolas-bacri-photographe-romilly\/wp-content\/uploads\/2025\/09\/482321211_1196330205737963_2754809288724934814_n-1024x768.jpg 1024w, https:\/\/deltaphotorom.fr\/nicolas-bacri-photographe-romilly\/wp-content\/uploads\/2025\/09\/482321211_1196330205737963_2754809288724934814_n-768x576.jpg 768w, https:\/\/deltaphotorom.fr\/nicolas-bacri-photographe-romilly\/wp-content\/uploads\/2025\/09\/482321211_1196330205737963_2754809288724934814_n-1536x1152.jpg 1536w, https:\/\/deltaphotorom.fr\/nicolas-bacri-photographe-romilly\/wp-content\/uploads\/2025\/09\/482321211_1196330205737963_2754809288724934814_n-560x420.jpg 560w, https:\/\/deltaphotorom.fr\/nicolas-bacri-photographe-romilly\/wp-content\/uploads\/2025\/09\/482321211_1196330205737963_2754809288724934814_n-900x675.jpg 900w, https:\/\/deltaphotorom.fr\/nicolas-bacri-photographe-romilly\/wp-content\/uploads\/2025\/09\/482321211_1196330205737963_2754809288724934814_n-1920x1440.jpg 1920w\" sizes=\"auto, (max-width: 2048px) 100vw, 2048px\" \/><\/div>  <div class=\"grve-content grve-bg-black grve-box-item grve-paraller grve-align-left\" data-limit=\"1x\"><h3 class=\"grve-title grve-heading-color grve-h3\">Laboratoire ultra moderne<\/h3>  <p class=\"grve-description\">Delta Photo reste \u00e0 la pointe de la technologie avec son laboratoire Inkjet qui n&rsquo;utilise pas de produits chimiques pour le d\u00e9veloppement photo<\/p>  <\/div><\/div><div class=\"grve-empty-space grve-height-2x\" style=\"\"><\/div>[\/vc_column][\/vc_row][vc_row][vc_column width=\u00a0\u00bb1\/2&Prime;]<div class=\"grve-element grve-image-text grve-animated-item grve-fade-in-up grve-duration-normal grve-layout-2 grve-align-right grve-paraller-wrapper\" style=\"\" data-delay=\"200\"><div class=\"grve-image grve-position-right\"><img loading=\"lazy\" decoding=\"async\" width=\"485\" height=\"473\" src=\"https:\/\/deltaphotorom.fr\/nicolas-bacri-photographe-romilly\/wp-content\/uploads\/2025\/09\/iz4Sv0UnnEEfAwmxF7RC8kn0.jpg\" class=\"grve-extra-round attachment-full size-full\" alt=\"\" srcset=\"https:\/\/deltaphotorom.fr\/nicolas-bacri-photographe-romilly\/wp-content\/uploads\/2025\/09\/iz4Sv0UnnEEfAwmxF7RC8kn0.jpg 485w, https:\/\/deltaphotorom.fr\/nicolas-bacri-photographe-romilly\/wp-content\/uploads\/2025\/09\/iz4Sv0UnnEEfAwmxF7RC8kn0-300x293.jpg 300w\" sizes=\"auto, (max-width: 485px) 100vw, 485px\" \/><\/div>  <div class=\"grve-content grve-bg-black grve-box-item grve-paraller grve-align-left\" data-limit=\"1x\"><h3 class=\"grve-title grve-heading-color grve-h4\">Tirages 10x15 cm<\/h3>  <\/div><\/div>[\/vc_column][vc_column width=\u00a0\u00bb1\/2&Prime;][vc_row_inner][vc_column_inner width=\u00a0\u00bb1\/2&Prime;]<h3 class=\"grve-element grve-title grve-align-left grve-leader-text\" style=\"\"><span>Quantit\u00e9<\/span><\/h3>[\/vc_column_inner][vc_column_inner width=\u00a0\u00bb1\/2&Prime;]<h3 class=\"grve-element grve-title grve-align-right grve-animated-item grve-duration-normal grve-fade-in grve-leader-text\" style=\"\" data-delay=\"200\"><span>Tarif \u00e0 l&rsquo;unit\u00e9<\/span><\/h3><div class=\"grve-empty-space grve-height-1x\" style=\"\"><\/div>[\/vc_column_inner][\/vc_row_inner][vc_row_inner][vc_column_inner width=\u00a0\u00bb1\/2&Prime;]<h3 class=\"grve-element grve-title grve-align-left grve-leader-text\" style=\"\"><span>De 1 \u00e0 6 tirages<\/span><\/h3>[\/vc_column_inner][vc_column_inner width=\u00a0\u00bb1\/2&Prime;]<h3 class=\"grve-element grve-title grve-align-right grve-animated-item grve-duration-normal grve-fade-in grve-leader-text\" style=\"\" data-delay=\"200\"><span>1.00 \u20ac<\/span><\/h3>[\/vc_column_inner][\/vc_row_inner][vc_row_inner][vc_column_inner width=\u00a0\u00bb1\/2&Prime;]<h3 class=\"grve-element grve-title grve-align-left grve-leader-text\" style=\"\"><span>De 7 \u00e0 30 tirages<\/span><\/h3>[\/vc_column_inner][vc_column_inner width=\u00a0\u00bb1\/2&Prime;]<h3 class=\"grve-element grve-title grve-align-right grve-animated-item grve-duration-normal grve-fade-in grve-leader-text\" style=\"\" data-delay=\"200\"><span>0.80 \u20ac<\/span><\/h3>[\/vc_column_inner][\/vc_row_inner][vc_row_inner][vc_column_inner width=\u00a0\u00bb1\/2&Prime;]<h3 class=\"grve-element grve-title grve-align-left grve-leader-text\" style=\"\"><span>De 31 \u00e0 99 tirages<\/span><\/h3>[\/vc_column_inner][vc_column_inner width=\u00a0\u00bb1\/2&Prime;]<h3 class=\"grve-element grve-title grve-align-right grve-animated-item grve-duration-normal grve-fade-in grve-leader-text\" style=\"\" data-delay=\"200\"><span>0.60 \u20ac<\/span><\/h3>[\/vc_column_inner][\/vc_row_inner][vc_row_inner][vc_column_inner width=\u00a0\u00bb1\/2&Prime;]<h3 class=\"grve-element grve-title grve-align-left grve-leader-text\" style=\"\"><span>De 100 \u00e0 300 tirages<\/span><\/h3>[\/vc_column_inner][vc_column_inner width=\u00a0\u00bb1\/2&Prime;]<h3 class=\"grve-element grve-title grve-align-right grve-animated-item grve-duration-normal grve-fade-in grve-leader-text\" style=\"\" data-delay=\"200\"><span>0.30 \u20ac<\/span><\/h3>[\/vc_column_inner][\/vc_row_inner][vc_row_inner][vc_column_inner width=\u00a0\u00bb1\/2&Prime;]<h3 class=\"grve-element grve-title grve-align-left grve-leader-text\" style=\"\"><span>Plus de 300 tirages<\/span><\/h3>[\/vc_column_inner][vc_column_inner width=\u00a0\u00bb1\/2&Prime;]<h3 class=\"grve-element grve-title grve-align-right grve-animated-item grve-duration-normal grve-fade-in grve-leader-text\" style=\"\" data-delay=\"200\"><span>Sur devis<\/span><\/h3>[\/vc_column_inner][\/vc_row_inner][\/vc_column][\/vc_row][vc_row][vc_column width=\u00a0\u00bb1\/2&Prime;]<div class=\"grve-element grve-image-text grve-animated-item grve-fade-in-up grve-duration-normal grve-layout-2 grve-align-right grve-paraller-wrapper\" style=\"\" data-delay=\"200\"><div class=\"grve-image grve-position-right\"><img loading=\"lazy\" decoding=\"async\" width=\"553\" height=\"415\" src=\"https:\/\/deltaphotorom.fr\/nicolas-bacri-photographe-romilly\/wp-content\/uploads\/2025\/09\/iKTdIT2Qq8ghtEGsFPoXAyf7.jpg\" class=\"grve-extra-round attachment-full size-full\" alt=\"\" srcset=\"https:\/\/deltaphotorom.fr\/nicolas-bacri-photographe-romilly\/wp-content\/uploads\/2025\/09\/iKTdIT2Qq8ghtEGsFPoXAyf7.jpg 553w, https:\/\/deltaphotorom.fr\/nicolas-bacri-photographe-romilly\/wp-content\/uploads\/2025\/09\/iKTdIT2Qq8ghtEGsFPoXAyf7-300x225.jpg 300w\" sizes=\"auto, (max-width: 553px) 100vw, 553px\" \/><\/div>  <div class=\"grve-content grve-bg-black grve-box-item grve-paraller grve-align-left\" data-limit=\"1x\"><h3 class=\"grve-title grve-heading-color grve-h6\">Agrandissements &amp; Posters<\/h3>  <\/div><\/div>[\/vc_column][vc_column width=\u00a0\u00bb1\/2&Prime;][vc_row_inner][vc_column_inner width=\u00a0\u00bb1\/2&Prime;]<h3 class=\"grve-element grve-title grve-align-left grve-leader-text\" style=\"\"><span>Format<\/span><\/h3>[\/vc_column_inner][vc_column_inner width=\u00a0\u00bb1\/2&Prime;]<h3 class=\"grve-element grve-title grve-align-right grve-animated-item grve-duration-normal grve-fade-in grve-leader-text\" style=\"\" data-delay=\"200\"><span>Tarif de base<\/span><\/h3>[vc_column_text css=\u00a0\u00bb\u00a0\u00bb text_style=\u00a0\u00bbsubtitle\u00a0\u00bb]Prix d\u00e9gressifs &#8211; D\u00e9tails en magasin[\/vc_column_text][\/vc_column_inner][\/vc_row_inner][vc_row_inner][vc_column_inner width=\u00a0\u00bb1\/2&Prime;]<h3 class=\"grve-element grve-title grve-align-left grve-leader-text\" style=\"\"><span>Tirage 13&#215;19 cm<\/span><\/h3>[\/vc_column_inner][vc_column_inner width=\u00a0\u00bb1\/2&Prime;]<h3 class=\"grve-element grve-title grve-align-right grve-animated-item grve-duration-normal grve-fade-in grve-leader-text\" style=\"\" data-delay=\"200\"><span>3.00 \u20ac<\/span><\/h3>[\/vc_column_inner][\/vc_row_inner][vc_row_inner][vc_column_inner width=\u00a0\u00bb1\/2&Prime;]<h3 class=\"grve-element grve-title grve-align-left grve-leader-text\" style=\"\"><span>Tirage 15&#215;21 cm<\/span><\/h3>[\/vc_column_inner][vc_column_inner width=\u00a0\u00bb1\/2&Prime;]<h3 class=\"grve-element grve-title grve-align-right grve-animated-item grve-duration-normal grve-fade-in grve-leader-text\" style=\"\" data-delay=\"200\"><span>4.00 \u20ac<\/span><\/h3>[\/vc_column_inner][\/vc_row_inner][vc_row_inner][vc_column_inner width=\u00a0\u00bb1\/2&Prime;]<h3 class=\"grve-element grve-title grve-align-left grve-leader-text\" style=\"\"><span>Tirage 18&#215;24 cm<\/span><\/h3>[\/vc_column_inner][vc_column_inner width=\u00a0\u00bb1\/2&Prime;]<h3 class=\"grve-element grve-title grve-align-right grve-animated-item grve-duration-normal grve-fade-in grve-leader-text\" style=\"\" data-delay=\"200\"><span>5.50 \u20ac<\/span><\/h3>[\/vc_column_inner][\/vc_row_inner][vc_row_inner][vc_column_inner width=\u00a0\u00bb1\/2&Prime;]<h3 class=\"grve-element grve-title grve-align-left grve-leader-text\" style=\"\"><span>Tirage 20&#215;30 cm<\/span><\/h3>[\/vc_column_inner][vc_column_inner width=\u00a0\u00bb1\/2&Prime;]<h3 class=\"grve-element grve-title grve-align-right grve-animated-item grve-duration-normal grve-fade-in grve-leader-text\" style=\"\" data-delay=\"200\"><span>8.00 \u20ac<\/span><\/h3>[\/vc_column_inner][\/vc_row_inner][vc_row_inner][vc_column_inner width=\u00a0\u00bb1\/2&Prime;]<h3 class=\"grve-element grve-title grve-align-left grve-leader-text\" style=\"\"><span>Poster 30&#215;45 cm<\/span><\/h3>[\/vc_column_inner][vc_column_inner width=\u00a0\u00bb1\/2&Prime;]<h3 class=\"grve-element grve-title grve-align-right grve-animated-item grve-duration-normal grve-fade-in grve-leader-text\" style=\"\" data-delay=\"200\"><span>20.00 \u20ac<\/span><\/h3>[\/vc_column_inner][\/vc_row_inner][vc_row_inner][vc_column_inner width=\u00a0\u00bb1\/2&Prime;]<h3 class=\"grve-element grve-title grve-align-left grve-leader-text\" style=\"\"><span>Poster 40&#215;50 cm<\/span><\/h3>[\/vc_column_inner][vc_column_inner width=\u00a0\u00bb1\/2&Prime;]<h3 class=\"grve-element grve-title grve-align-right grve-animated-item grve-duration-normal grve-fade-in grve-leader-text\" style=\"\" data-delay=\"200\"><span>30.00 \u20ac<\/span><\/h3>[\/vc_column_inner][\/vc_row_inner][vc_row_inner][vc_column_inner width=\u00a0\u00bb1\/2&Prime;]<h3 class=\"grve-element grve-title grve-align-left grve-leader-text\" style=\"\"><span>Poster 40&#215;60 cm<\/span><\/h3>[\/vc_column_inner][vc_column_inner width=\u00a0\u00bb1\/2&Prime;]<h3 class=\"grve-element grve-title grve-align-right grve-animated-item grve-duration-normal grve-fade-in grve-leader-text\" style=\"\" data-delay=\"200\"><span>35.00 \u20ac<\/span><\/h3>[\/vc_column_inner][\/vc_row_inner][vc_row_inner][vc_column_inner width=\u00a0\u00bb1\/2&Prime;]<h3 class=\"grve-element grve-title grve-align-left grve-leader-text\" style=\"\"><span>Poster 50&#215;70 cm<\/span><\/h3>[\/vc_column_inner][vc_column_inner width=\u00a0\u00bb1\/2&Prime;]<h3 class=\"grve-element grve-title grve-align-right grve-animated-item grve-duration-normal grve-fade-in grve-leader-text\" style=\"\" data-delay=\"200\"><span>40.00 \u20ac<\/span><\/h3>[\/vc_column_inner][\/vc_row_inner][vc_row_inner][vc_column_inner width=\u00a0\u00bb1\/2&Prime;]<h3 class=\"grve-element grve-title grve-align-left grve-leader-text\" style=\"\"><span>Poster 60&#215;80 cm<\/span><\/h3>[\/vc_column_inner][vc_column_inner width=\u00a0\u00bb1\/2&Prime;]<h3 class=\"grve-element grve-title grve-align-right grve-animated-item grve-duration-normal grve-fade-in grve-leader-text\" style=\"\" data-delay=\"200\"><span>45.00 \u20ac<\/span><\/h3>[\/vc_column_inner][\/vc_row_inner][\/vc_column][\/vc_row][vc_row padding_top_multiplier=\u00a0\u00bb6x\u00a0\u00bb padding_bottom_multiplier=\u00a0\u00bb6x\u00a0\u00bb][vc_column]<h2 class=\"grve-element grve-title grve-align-left grve-h3\" style=\"\"><span>Plus de choix et de d\u00e9tails en magasin<\/span><\/h2><h2 class=\"grve-element grve-title grve-align-left grve-leader-text\" style=\"\"><span>N&rsquo;h\u00e9sitez pas \u00e0 me rendre visite.<\/span><\/h2>[\/vc_column][\/vc_row][vc_row heading_color=\u00a0\u00bblight\u00a0\u00bb section_type=\u00a0\u00bbfullwidth\u00a0\u00bb bg_type=\u00a0\u00bbimage\u00a0\u00bb bg_image=\u00a0\u00bb14835&Prime; padding_top_multiplier=\u00a0\u00bb\u00a0\u00bb padding_bottom_multiplier=\u00a0\u00bb\u00a0\u00bb columns_gap=\u00a0\u00bbnone\u00a0\u00bb equal_column_height=\u00a0\u00bbequal-column\u00a0\u00bb font_color=\u00a0\u00bb#ffffff\u00a0\u00bb][vc_column width=\u00a0\u00bb1\/2&Prime; css=\u00a0\u00bb.vc_custom_1507880751781{padding: 14% !important;}\u00a0\u00bb][\/vc_column][vc_column width=\u00a0\u00bb1\/2&Prime; css=\u00a0\u00bb.vc_custom_1758122672981{padding-top: 14% !important;padding-right: 14% !important;padding-bottom: 14% !important;padding-left: 14% !important;background-color: #0000008F !important;}\u00a0\u00bb]<h3 class=\"grve-element grve-title grve-align-left grve-small-text\" style=\"margin-bottom: 18px;\"><span>Envie d&rsquo;en savoir plus ?<\/span><\/h3><h3 class=\"grve-element grve-title grve-align-left grve-h5\" style=\"\"><span>Contactez moi !<\/span><\/h3><div class=\"grve-element grve-align-left grve-animated-item grve-zoom-in grve-duration-normal\" data-delay=\"200\"><a href=\"https:\/\/deltaphotorom.fr\/nicolas-bacri-photographe-romilly\/contact\/#formulaire\" title=\"Formulaire de contact\" class=\"grve-btn grve-btn-medium grve-round grve-bg-primary-2 grve-bg-hover-primary-3\"><span><i class=\"fa fa-solid fa-envelope\"><\/i>Formulaire de contact<\/span><\/a><\/div>[\/vc_column][\/vc_row]<\/p>\n<\/div>","protected":false},"excerpt":{"rendered":"<p>[vc_row heading_color=\u00a0\u00bblight\u00a0\u00bb section_full_height=\u00a0\u00bbfullheight\u00a0\u00bb bg_type=\u00a0\u00bbimage\u00a0\u00bb bg_image=\u00a0\u00bb14945&Prime; bg_image_type=\u00a0\u00bbparallax\u00a0\u00bb color_overlay=\u00a0\u00bbgradient\u00a0\u00bb gradient_overlay_custom_1=\u00a0\u00bb#00000085&Prime; gradient_overlay_custom_2=\u00a0\u00bb#000000&Prime; gradient_overlay_direction=\u00a0\u00bb180&Prime; padding_top_multiplier=\u00a0\u00bb6x\u00a0\u00bb padding_bottom_multiplier=\u00a0\u00bb6x\u00a0\u00bb columns_gap=\u00a0\u00bb60&Prime; equal_column_height=\u00a0\u00bbmiddle-content\u00a0\u00bb font_color=\u00a0\u00bb#ffffff\u00a0\u00bb][vc_column][vc_row_inner][vc_column_inner width=\u00a0\u00bb1\/3&Prime;][\/vc_column_inner][vc_column_inner width=\u00a0\u00bb1\/3&Prime;][\/vc_column_inner][vc_column_inner width=\u00a0\u00bb1\/3&Prime;][\/vc_column_inner][\/vc_row_inner][\/vc_column][\/vc_row][vc_row padding_top_multiplier=\u00a0\u00bb6x\u00a0\u00bb padding_bottom_multiplier=\u00a0\u00bb6x\u00a0\u00bb][vc_column][\/vc_column][\/vc_row][vc_row heading_color=\u00a0\u00bbdark\u00a0\u00bb bg_type=\u00a0\u00bbcolor\u00a0\u00bb padding_top_multiplier=\u00a0\u00bb\u00a0\u00bb padding_bottom_multiplier=\u00a0\u00bb\u00a0\u00bb columns_gap=\u00a0\u00bbnone\u00a0\u00bb equal_column_height=\u00a0\u00bbmiddle-content\u00a0\u00bb font_color=\u00a0\u00bb#ffffff\u00a0\u00bb bg_color=\u00a0\u00bb#00000000&Prime;][vc_column css=\u00a0\u00bb.vc_custom_1758124018969{background-position: center !important;background-repeat: no-repeat !important;background-size: cover !important;}\u00a0\u00bb][\/vc_column][\/vc_row][vc_row][vc_column width=\u00a0\u00bb1\/2&Prime;][\/vc_column][vc_column width=\u00a0\u00bb1\/2&Prime;][vc_row_inner][vc_column_inner width=\u00a0\u00bb1\/2&Prime;][\/vc_column_inner][vc_column_inner width=\u00a0\u00bb1\/2&Prime;][\/vc_column_inner][\/vc_row_inner][vc_row_inner][vc_column_inner width=\u00a0\u00bb1\/2&Prime;][\/vc_column_inner][vc_column_inner width=\u00a0\u00bb1\/2&Prime;][\/vc_column_inner][\/vc_row_inner][vc_row_inner][vc_column_inner width=\u00a0\u00bb1\/2&Prime;][\/vc_column_inner][vc_column_inner width=\u00a0\u00bb1\/2&Prime;][\/vc_column_inner][\/vc_row_inner][vc_row_inner][vc_column_inner width=\u00a0\u00bb1\/2&Prime;][\/vc_column_inner][vc_column_inner width=\u00a0\u00bb1\/2&Prime;][\/vc_column_inner][\/vc_row_inner][vc_row_inner][vc_column_inner width=\u00a0\u00bb1\/2&Prime;][\/vc_column_inner][vc_column_inner width=\u00a0\u00bb1\/2&Prime;][\/vc_column_inner][\/vc_row_inner][vc_row_inner][vc_column_inner width=\u00a0\u00bb1\/2&Prime;][\/vc_column_inner][vc_column_inner width=\u00a0\u00bb1\/2&Prime;][\/vc_column_inner][\/vc_row_inner][\/vc_column][\/vc_row][vc_row][vc_column width=\u00a0\u00bb1\/2&Prime;][\/vc_column][vc_column width=\u00a0\u00bb1\/2&Prime;][vc_row_inner][vc_column_inner width=\u00a0\u00bb1\/2&Prime;][\/vc_column_inner][vc_column_inner width=\u00a0\u00bb1\/2&Prime;][vc_column_text css=\u00a0\u00bb\u00a0\u00bb text_style=\u00a0\u00bbsubtitle\u00a0\u00bb]Prix [&hellip;]<\/p>\n","protected":false},"author":1,"featured_media":14971,"parent":14869,"menu_order":0,"comment_status":"closed","ping_status":"closed","template":"","meta":{"footnotes":""},"class_list":["post-14933","page","type-page","status-publish","has-post-thumbnail","hentry"],"_links":{"self":[{"href":"https:\/\/deltaphotorom.fr\/nicolas-bacri-photographe-romilly\/wp-json\/wp\/v2\/pages\/14933","targetHints":{"allow":["GET"]}}],"collection":[{"href":"https:\/\/deltaphotorom.fr\/nicolas-bacri-photographe-romilly\/wp-json\/wp\/v2\/pages"}],"about":[{"href":"https:\/\/deltaphotorom.fr\/nicolas-bacri-photographe-romilly\/wp-json\/wp\/v2\/types\/page"}],"author":[{"embeddable":true,"href":"https:\/\/deltaphotorom.fr\/nicolas-bacri-photographe-romilly\/wp-json\/wp\/v2\/users\/1"}],"replies":[{"embeddable":true,"href":"https:\/\/deltaphotorom.fr\/nicolas-bacri-photographe-romilly\/wp-json\/wp\/v2\/comments?post=14933"}],"version-history":[{"count":13,"href":"https:\/\/deltaphotorom.fr\/nicolas-bacri-photographe-romilly\/wp-json\/wp\/v2\/pages\/14933\/revisions"}],"predecessor-version":[{"id":15117,"href":"https:\/\/deltaphotorom.fr\/nicolas-bacri-photographe-romilly\/wp-json\/wp\/v2\/pages\/14933\/revisions\/15117"}],"up":[{"embeddable":true,"href":"https:\/\/deltaphotorom.fr\/nicolas-bacri-photographe-romilly\/wp-json\/wp\/v2\/pages\/14869"}],"wp:featuredmedia":[{"embeddable":true,"href":"https:\/\/deltaphotorom.fr\/nicolas-bacri-photographe-romilly\/wp-json\/wp\/v2\/media\/14971"}],"wp:attachment":[{"href":"https:\/\/deltaphotorom.fr\/nicolas-bacri-photographe-romilly\/wp-json\/wp\/v2\/media?parent=14933"}],"curies":[{"name":"wp","href":"https:\/\/api.w.org\/{rel}","templated":true}]}}